f 830944?
9
What is the hundred thousands digit of 416215?
4
What is the tens digit of 3661241?
4
What is the hundreds digit of 2234241?
2
What is the ten thousands digit of 922042?
2
What is the hundreds digit of 7136350?
3
What is the hundreds digit of 20878929?
9
What is the units digit of 5208471?
1
What is the millions digit of 9097086?
9
What is the tens digit of 6644476?
7
What is the hundreds digit of 7742054?
0
What is the thousands digit of 665320?
5
What is the ten thousands digit of 2371216?
7
What is the hundreds digit of 15996100?
1
What is the hundreds digit of 495943?
9
What is the hundred thousands digit of 222468?
2
What is the ten thousands digit of 12327?
1
What is the tens digit of 2201457?
5
What is the units digit of 77346?
6
What is the thousands digit of 18076429?
6
What is the hundreds digit of 534022?
0
What is the millions digit of 7064311?
7
What is the ten thousands digit of 28687213?
8
What is the ten thousands digit of 5054388?
5
What is the units digit of 294236?
6
What is the hundred thousands digit of 1241823?
2
What is the thousands digit of 297368?
7
What is the ten thousands digit of 30748313?
4
What is the tens digit of 10714441?
4
What is the tens digit of 745652?
5
What is the tens digit of 56777?
7
What is the tens digit of 591068?
6
What is the tens digit of 566197?
9
What is the hundreds digit of 1276898?
8
What is the units digit of 5068941?
1
What is the hundreds digit of 258252?
2
What is the hundred thousands digit of 2559016?
5
What is the hundred thousands digit of 603237?
6
What is the units digit of 193268?
8
What is the ten thousands digit of 1698292?
9
What is the thousands digit of 2738447?
8
What is the ten thousands digit of 281002?
8
What is the hundred thousands digit of 245644?
2
What is the units digit of 3888706?
6
What is the millions digit of 1381832?
1
What is the hundred thousands digit of 372682?
3
What is the ten thousands digit of 458045?
5
What is the units digit of 5423592?
2
What is the hundred thousands digit of 20005185?
0
What is the tens digit of 194046?
4
What is the tens digit of 244318?
1
What is the tens digit of 4764679?
7
What is the hundred thousands digit of 230878?
2
What is the ten millions digit of 15184875?
1
What is the tens digit of 1145646?
4
What is the hundreds digit of 441893?
8
What is the units digit of 2577798?
8
What is the tens digit of 595374?
7
What is the hundred thousands digit of 174104?
1
What is the tens digit of 109578?
7
What is the thousands digit of 5618896?
8
What is the tens digit of 153558?
5
What is the units digit of 4205722?
2
What is the units digit of 161506?
6
What is the tens digit of 870847?
4
What is the hundreds digit of 3169?
1
What is the hundreds digit of 707601?
6
What is the ten millions digit of 15763012?
1
What is the thousands digit of 1649396?
9
What is the tens digit of 11294503?
0
What is the units digit of 2775752?
2
What is the hundred thousands digit of 1616414?
6
What is the thousands digit of 22235?
2
What is the units digit of 194251?
1
What is the units digit of 1222612?
2
What is the units digit of 2930626?
6
What is the ten thousands digit of 42399?
4
What is the hundreds digit of 17517098?
0
What is the tens digit of 913696?
9
What is the hundreds digit of 86834?
8
What is the hundreds digit of 699516?
5
What is the units digit of 30597137?
7
What is the hundred thousands digit of 959195?
9
What is the tens digit of 3704305?
0
What is the tens digit of 302609?
0
What is the ten thousands digit of 2288429?
8
What is the thousands digit of 53181?
3
What is the ten thousands digit of 262341?
6
What is the thousands digit of 950281?
0
What is the millions digit of 3475355?
3
What is the units digit of 4890147?
7
What is the tens digit of 429462?
6
What is the hundreds digit of 11551909?
9
What is the thousands digit of 49690?
9
What is the millions digit of 2549207?
2
What is the tens digit of 155761?
6
What is the tens digit of 213724?
2
What is the ten millions digit of 11413646?
1
What is the tens digit of 14431755?
5
What is the hundred thousands digit of 6032963?
0
What is the millions digit of 1113419?
1
What is the hundreds digit of 20197187?
1
What is the ten thousands digit of 1746819?
4
What is the units digit of 1858381?
1
What is the hundred thousands digit of 1807759?
8
What is the thousands digit of 530557?
0
What is the tens digit of 537064?
6
What is the hundred thousands digit of 2611452?
6
What is the hundreds digit of 2883850?
8
What is the hundred thousands digit of 145189?
1
What is the units digit of 1925618?
8
What is the ten thousands digit of 4180994?
8
What is the ten thousands digit of 51896?
5
What is the millions digit of 9688735?
9
What is the millions digit of 1611633?
1
What is the hundreds digit of 11460234?
2
What is the hundred thousands digit of 484846?
4
What is the thousands digit of 2069?
2
What is the hundred thousands digit of 166224?
1
What is the hundreds digit of 2592257?
2
What is the hundreds digit of 2402101?
1
What is the ten thousands digit of 24451?
2
What is the hundreds digit of 276617?
6
What is the ten thousands digit of 1383979?
8
What is the ten thousands digit of 666220?
6
What is the hundreds digit of 7634888?
8
What is the ten thousands digit of 2373924?
7
What is the ten thousands digit of 874950?
7
What is the hundreds digit of 28463?
4
What is the ten thousands digit of 1456254?
5
What is the thousands digit of 238221?
8
What is the units digit of 11669674?
4
What is the hundreds digit of 7237971?
9
What is the tens digit of 17096382?
8
What is the millions digit of 2811369?
2
What is the tens digit of 4374905?
0
What is the tens digit of 520465?
6
What is the hundred thousands digit of 6565668?
5
What is the hundred thousands digit of 567722?
5
What is the thousands digit of 6671612?
1
What is the millions digit of 4507828?
4
What is the thousands digit of 131418?
1
What is the thousands digit of 11541989?
1
What is the thousands digit of 4161980?
1
What is the millions digit of 6670010?
6
What is the tens digit of 9697104?
0
What is the thousands digit of 963419?
3
What is the hundred thousands digit of 677255?
6
What is the ten thousands digit of 4910249?
1
What is the hundreds digit of 753700?
7
What is the hundred thousands digit of 475030?
4
What is the tens digit of 4844?
4
What is the units digit of 246707?
7
What is the units digit of 888124?
4
What is the thousands digit of 97134?
7
What is the hundred thousands digit of 1764742?
7
What is the ten thousands digit of 5492344?
9
What is the hundred thousands digit of 355706?
3
What is the thousands digit of 313612?
3
What is the hundred thousands digit of 1085922?
0
What is the hundred thousands digit of 365510?
3
What is the ten millions digit of 19776314?
1
What is the tens digit of 227204?
0
What is the millions digit of 1086955?
1
What is the hundred thousands digit of 1199843?
1
What is the thousands digit of 1406190?
6
What is the tens digit of 154184?
8
What is the ten thousands digit of 9970415?
7
What is the ten thousands digit of 1129205?
2
What is the tens digit of 1546507?
0
What is the tens digit of 102574?
7
What is the ten thousands digit of 7958913?
5
What is the hundred thousands digit of 20504351?
5
What is the hundreds digit of 819335?
3
What is the hundreds digit of 2011995?
9
What is the units digit of 9478475?
5
What is the hundreds digit of 48286?
2
What is the ten thousands digit of 879466?
7
What is the thousands digit of 2448991?
8
What is the tens digit of 713203?
0
What is the units digit of 3684276?
6
What is the ten thousands digit of 79317?
7
What is the tens digit of 67612?
1
What is the units digit of 450275?
5
What is the units digit of 244786?
6
What is the hundreds digit of 2087452?
4
What is the units digit of 16542405?
5
What is the hundred thousands digit of 13333382?
3
What is the ten thousands digit of 10151070?
5
What is the units digit of 31458267?
7
What is the tens digit of 217092?
9
What is the thousands digit of 68685?
8
What is the thousands digit of 4674878?
4
What is the thousands digit of 464654?
4
What is the hundred thousands digit of 2813855?
8
What is the hundred thousands digit of 937233?
9
What is the ten thousands digit of 29